[INFO] cloning repository https://github.com/darthlukan/lynea
[INFO] running `Command { std: "git" "-c" "credential.helper=" "-c" "credential.helper=/workspace/cargo-home/bin/git-credential-null" "clone" "--bare" "https://github.com/darthlukan/lynea" "/workspace/cache/git-repos/https%3A%2F%2Fgithub.com%2Fdarthlukan%2Flynea", kill_on_drop: false }`
[INFO] [stderr] Cloning into bare repository '/workspace/cache/git-repos/https%3A%2F%2Fgithub.com%2Fdarthlukan%2Flynea'...
[INFO] running `Command { std: "git" "rev-parse" "HEAD", kill_on_drop: false }`
[INFO] [stdout] acf4f1e9e479d9abb495b22461d58d58e39893d6
[INFO] checking darthlukan/lynea against master#cfbc6d4cf1acbac5c025acf8ed68929caa551df3 for pr-75494-beta
[INFO] running `Command { std: "git" "clone" "/workspace/cache/git-repos/https%3A%2F%2Fgithub.com%2Fdarthlukan%2Flynea" "/workspace/builds/worker-0/source", kill_on_drop: false }`
[INFO] [stderr] Cloning into '/workspace/builds/worker-0/source'...
[INFO] [stderr] done.
[INFO] validating manifest of git repo https://github.com/darthlukan/lynea on toolchain cfbc6d4cf1acbac5c025acf8ed68929caa551df3
[INFO] running `Command { std: "/workspace/cargo-home/bin/cargo" "+cfbc6d4cf1acbac5c025acf8ed68929caa551df3" "read-manifest" "--manifest-path" "Cargo.toml", kill_on_drop: false }`
[INFO] started tweaking git repo https://github.com/darthlukan/lynea
[INFO] finished tweaking git repo https://github.com/darthlukan/lynea
[INFO] tweaked toml for git repo https://github.com/darthlukan/lynea written to /workspace/builds/worker-0/source/Cargo.toml
[INFO] crate git repo https://github.com/darthlukan/lynea already has a lockfile, it will not be regenerated
[INFO] running `Command { std: "/workspace/cargo-home/bin/cargo" "+cfbc6d4cf1acbac5c025acf8ed68929caa551df3" "fetch" "--locked" "--manifest-path" "Cargo.toml", kill_on_drop: false }`
[INFO] [stderr]     Blocking waiting for file lock on package cache
[INFO] running `Command { std: "docker" "create" "-v" "/var/lib/crater-agent-workspace/builds/worker-0/target:/opt/rustwide/target:rw,Z" "-v" "/var/lib/crater-agent-workspace/builds/worker-0/source:/opt/rustwide/workdir:ro,Z" "-v" "/var/lib/crater-agent-workspace/cargo-home:/opt/rustwide/cargo-home:ro,Z" "-v" "/var/lib/crater-agent-workspace/rustup-home:/opt/rustwide/rustup-home:ro,Z" "-e" "SOURCE_DIR=/opt/rustwide/workdir" "-e" "CARGO_TARGET_DIR=/opt/rustwide/target" "-e" "CARGO_HOME=/opt/rustwide/cargo-home" "-e" "RUSTUP_HOME=/opt/rustwide/rustup-home" "-w" "/opt/rustwide/workdir" "-m" "1610612736" "--user" "0:0" "--network" "none" "rustops/crates-build-env@sha256:a636fd89d022f18117e1dc8fb37a0a009933cdbbe082814857f0e2024962d47c" "/opt/rustwide/cargo-home/bin/cargo" "+cfbc6d4cf1acbac5c025acf8ed68929caa551df3" "metadata" "--no-deps" "--format-version=1", kill_on_drop: false }`
[INFO] [stdout] 5323b399b69b390a185d76a3d654c9db537ba8f6deef5c04ded88dd0b15dd724
[INFO] [stderr] WARNING: Your kernel does not support swap limit capabilities or the cgroup is not mounted. Memory limited without swap.
[INFO] running `Command { std: "docker" "start" "-a" "5323b399b69b390a185d76a3d654c9db537ba8f6deef5c04ded88dd0b15dd724", kill_on_drop: false }`
[INFO] running `Command { std: "docker" "inspect" "5323b399b69b390a185d76a3d654c9db537ba8f6deef5c04ded88dd0b15dd724", kill_on_drop: false }`
[INFO] running `Command { std: "docker" "rm" "-f" "5323b399b69b390a185d76a3d654c9db537ba8f6deef5c04ded88dd0b15dd724", kill_on_drop: false }`
[INFO] [stdout] 5323b399b69b390a185d76a3d654c9db537ba8f6deef5c04ded88dd0b15dd724
[INFO] running `Command { std: "docker" "create" "-v" "/var/lib/crater-agent-workspace/builds/worker-0/target:/opt/rustwide/target:rw,Z" "-v" "/var/lib/crater-agent-workspace/builds/worker-0/source:/opt/rustwide/workdir:ro,Z" "-v" "/var/lib/crater-agent-workspace/cargo-home:/opt/rustwide/cargo-home:ro,Z" "-v" "/var/lib/crater-agent-workspace/rustup-home:/opt/rustwide/rustup-home:ro,Z" "-e" "SOURCE_DIR=/opt/rustwide/workdir" "-e" "CARGO_TARGET_DIR=/opt/rustwide/target" "-e" "CARGO_INCREMENTAL=0" "-e" "RUST_BACKTRACE=full" "-e" "RUSTFLAGS=--cap-lints=forbid" "-e" "CARGO_HOME=/opt/rustwide/cargo-home" "-e" "RUSTUP_HOME=/opt/rustwide/rustup-home" "-w" "/opt/rustwide/workdir" "-m" "1610612736" "--user" "0:0" "--network" "none" "rustops/crates-build-env@sha256:a636fd89d022f18117e1dc8fb37a0a009933cdbbe082814857f0e2024962d47c" "/opt/rustwide/cargo-home/bin/cargo" "+cfbc6d4cf1acbac5c025acf8ed68929caa551df3" "check" "--frozen" "--all" "--all-targets" "--message-format=json", kill_on_drop: false }`
[INFO] [stdout] 861ae0b3d3630119d6c3efd48bcef88d9e8a44e626a7ff536bbc9e5db81e024f
[INFO] [stderr] WARNING: Your kernel does not support swap limit capabilities or the cgroup is not mounted. Memory limited without swap.
[INFO] running `Command { std: "docker" "start" "-a" "861ae0b3d3630119d6c3efd48bcef88d9e8a44e626a7ff536bbc9e5db81e024f", kill_on_drop: false }`
[INFO] [stderr]     Checking lynea v0.1.0 (/opt/rustwide/workdir)
[INFO] [stdout] error[E0433]: failed to resolve: maybe a missing crate `core`?
[INFO] [stdout]  --> src/main.rs:8:5
[INFO] [stdout]   |
[INFO] [stdout] 8 | use core::str::Lines;
[INFO] [stdout]   |     ^^^^ maybe a missing crate `core`?
[INFO] [stdout] 
[INFO] [stdout] 
[INFO] [stdout] error[E0433]: failed to resolve: maybe a missing crate `core`?
[INFO] [stdout]  --> src/main.rs:8:5
[INFO] [stdout]   |
[INFO] [stdout] 8 | use core::str::Lines;
[INFO] [stdout]   |     ^^^^ maybe a missing crate `core`?
[INFO] [stdout] 
[INFO] [stdout] 
[INFO] [stdout] warning: unused import: `std::path::Path`
[INFO] [stdout]  --> src/main.rs:3:5
[INFO] [stdout]   |
[INFO] [stdout] 3 | use std::path::Path;
[INFO] [stdout]   |     ^^^^^^^^^^^^^^^
[INFO] [stdout]   |
[INFO] [stdout]   = note: `#[warn(unused_imports)]` on by default
[INFO] [stdout] 
[INFO] [stdout] 
[INFO] [stdout] warning: unused import: `std::path::Path`
[INFO] [stdout]  --> src/main.rs:3:5
[INFO] [stdout]   |
[INFO] [stdout] 3 | use std::path::Path;
[INFO] [stdout]   |     ^^^^^^^^^^^^^^^
[INFO] [stdout]   |
[INFO] [stdout]   = note: `#[warn(unused_imports)]` on by default
[INFO] [stdout] 
[INFO] [stdout] 
[INFO] [stdout] warning: use of deprecated item 'std::error::Error::description': use the Display impl or to_string()
[INFO] [stdout]   --> src/main.rs:18:67
[INFO] [stdout]    |
[INFO] [stdout] 18 |         Err(why) => panic!("Unable to open {0}: {1}", PIDONEPATH, Error::description(&why)),
[INFO] [stdout]    |                                                                   ^^^^^^^^^^^^^^^^^^
[INFO] [stdout]    |
[INFO] [stdout]    = note: `#[warn(deprecated)]` on by default
[INFO] [stdout] 
[INFO] [stdout] 
[INFO] [stdout] warning: use of deprecated item 'std::error::Error::description': use the Display impl or to_string()
[INFO] [stdout]   --> src/main.rs:18:67
[INFO] [stdout]    |
[INFO] [stdout] 18 |         Err(why) => panic!("Unable to open {0}: {1}", PIDONEPATH, Error::description(&why)),
[INFO] [stdout]    |                                                                   ^^^^^^^^^^^^^^^^^^
[INFO] [stdout]    |
[INFO] [stdout]    = note: `#[warn(deprecated)]` on by default
[INFO] [stdout] 
[INFO] [stdout] 
[INFO] [stdout] error[E0599]: no method named `lines` found for struct `std::fs::File` in the current scope
[INFO] [stdout]   --> src/main.rs:22:34
[INFO] [stdout]    |
[INFO] [stdout] 22 |       let mut lines: Vec<_> = file.lines();
[INFO] [stdout]    |                                    ^^^^^ method not found in `std::fs::File`
[INFO] [stdout]    |
[INFO] [stdout]    = note: the method `lines` exists but the following trait bounds were not satisfied:
[INFO] [stdout]            `std::fs::File: std::io::BufRead`
[INFO] [stdout]            which is required by `&mut std::fs::File: std::io::BufRead`
[INFO] [stdout] 
[INFO] [stdout] 
[INFO] [stdout] error[E0599]: no method named `lines` found for struct `std::fs::File` in the current scope
[INFO] [stdout]   --> src/main.rs:22:34
[INFO] [stdout]    |
[INFO] [stdout] 22 |       let mut lines: Vec<_> = file.lines();
[INFO] [stdout]    |                                    ^^^^^ method not found in `std::fs::File`
[INFO] [stdout]    |
[INFO] [stdout]    = note: the method `lines` exists but the following trait bounds were not satisfied:
[INFO] [stdout]            `std::fs::File: std::io::BufRead`
[INFO] [stdout]            which is required by `&mut std::fs::File: std::io::BufRead`
[INFO] [stdout] 
[INFO] [stdout] 
[INFO] [stdout] error[E0308]: mismatched types
[INFO] [stdout]   --> src/main.rs:44:16
[INFO] [stdout]    |
[INFO] [stdout] 41 | fn main() {
[INFO] [stdout]    |           - expected `()` because of default return type
[INFO] [stdout] ...
[INFO] [stdout] 44 |         return false;
[INFO] [stdout]    |                ^^^^^ expected `()`, found `bool`
[INFO] [stdout] 
[INFO] [stdout] 
[INFO] [stdout] error[E0308]: mismatched types
[INFO] [stdout]   --> src/main.rs:44:16
[INFO] [stdout]    |
[INFO] [stdout] 41 | fn main() {
[INFO] [stdout]    |           - expected `()` because of default return type
[INFO] [stdout] ...
[INFO] [stdout] 44 |         return false;
[INFO] [stdout]    |                ^^^^^ expected `()`, found `bool`
[INFO] [stdout] 
[INFO] [stdout] 
[INFO] [stdout] warning: unused import: `std::io::prelude`
[INFO] [stdout]  --> src/main.rs:5:5
[INFO] [stdout]   |
[INFO] [stdout] 5 | use std::io::prelude::*;
[INFO] [stdout]   |     ^^^^^^^^^^^^^^^^
[INFO] [stdout] 
[INFO] [stdout] 
[INFO] [stdout] warning: unused import: `std::io::prelude`
[INFO] [stdout]  --> src/main.rs:5:5
[INFO] [stdout]   |
[INFO] [stdout] 5 | use std::io::prelude::*;
[INFO] [stdout]   |     ^^^^^^^^^^^^^^^^
[INFO] [stdout] 
[INFO] [stdout] 
[INFO] [stdout] error: aborting due to 3 previous errors; 3 warnings emitted
[INFO] [stdout] 
[INFO] [stdout] 
[INFO] [stdout] Some errors have detailed explanations: E0308, E0433, E0599.
[INFO] [stdout] 
[INFO] [stdout] For more information about an error, try `rustc --explain E0308`.
[INFO] [stdout] 
[INFO] [stdout] error: aborting due to 3 previous errors; 3 warnings emitted
[INFO] [stdout] 
[INFO] [stdout] 
[INFO] [stdout] Some errors have detailed explanations: E0308, E0433, E0599.
[INFO] [stdout] 
[INFO] [stdout] For more information about an error, try `rustc --explain E0308`.
[INFO] [stdout] 
[INFO] [stderr] error: could not compile `lynea`.
[INFO] [stderr] 
[INFO] [stderr] To learn more, run the command again with --verbose.
[INFO] [stderr] warning: build failed, waiting for other jobs to finish...
[INFO] [stderr] error: build failed
[INFO] running `Command { std: "docker" "inspect" "861ae0b3d3630119d6c3efd48bcef88d9e8a44e626a7ff536bbc9e5db81e024f", kill_on_drop: false }`
[INFO] running `Command { std: "docker" "rm" "-f" "861ae0b3d3630119d6c3efd48bcef88d9e8a44e626a7ff536bbc9e5db81e024f", kill_on_drop: false }`
[INFO] [stdout] 861ae0b3d3630119d6c3efd48bcef88d9e8a44e626a7ff536bbc9e5db81e024f
